{"id":549,"date":"2025-05-25T13:36:33","date_gmt":"2025-05-25T11:36:33","guid":{"rendered":"https:\/\/tapandsmile.de\/?page_id=549"},"modified":"2025-05-25T13:45:55","modified_gmt":"2025-05-25T11:45:55","slug":"info","status":"publish","type":"page","link":"https:\/\/tapandsmile.de\/?page_id=549","title":{"rendered":"Info"},"content":{"rendered":"\n<figure class=\"wp-block-table aligncenter is-style-stripes\"><table><tbody><tr><td><\/td><td class=\"has-text-align-center\" data-align=\"center\"><strong><span style=\"color:#f4ac4d\" class=\"has-inline-color\">Buch<\/span><\/strong><\/td><td><\/td><\/tr><tr><td><\/td><td class=\"has-text-align-center\" data-align=\"center\"><br><span style=\"color:#f4ac4d\" class=\"has-inline-color\"><strong>Annette ist nicht nur Tanztrainerin, sondern arbeitet auch als Erzieherin mit Grundschulkindern im Hort. \u00dcber Ihre langj\u00e4hrige T\u00e4tigkeit als Erzieherin hat sie 2024 das Buch &#8222;Hort (m)ein Zauberort&#8220; ver\u00f6ffentlicht. <\/strong><\/span><br><span style=\"color:#f4ac4d\" class=\"has-inline-color\"><br>Hier gibt es weitere Infos zu dem Buch:<strong><br><\/strong><\/span><a href=\"https:\/\/hortbuch.de\/\" target=\"_blank\" rel=\"noreferrer noopener\"><em><span style=\"color:#f4ac4d\" class=\"has-inline-color\"><strong>https:\/\/hortbuch.de<\/strong><\/span><\/em><\/a><br><span style=\"color:#f4ac4d\" class=\"has-inline-color\"><strong><br><\/strong><\/span><\/td><td><\/td><\/tr><tr><td><\/td><td class=\"has-text-align-center\" data-align=\"center\"><strong><span style=\"color:#f4ac4d\" class=\"has-inline-color\">Links<\/span><\/strong><\/td><td><\/td><\/tr><\/tbody><\/table><\/figure>\n","protected":false},"excerpt":{"rendered":"<p>Buch Annette ist nicht nur Tanztrainerin, sondern arbeitet auch als Erzieherin mit Grundschulkindern im Hort. \u00dcber Ihre langj\u00e4hrige T\u00e4tigkeit als Erzieherin hat sie 2024 das Buch &#8222;Hort (m)ein Zauberort&#8220; ver\u00f6ffentlicht. Hier gibt es weitere Infos zu dem Buch:https:\/\/hortbuch.de Links<\/p>\n","protected":false},"author":1,"featured_media":0,"parent":0,"menu_order":0,"comment_status":"closed","ping_status":"closed","template":"","meta":{"ngg_post_thumbnail":0,"footnotes":""},"class_list":["post-549","page","type-page","status-publish","hentry","entry"],"_links":{"self":[{"href":"https:\/\/tapandsmile.de\/index.php?rest_route=\/wp\/v2\/pages\/549","targetHints":{"allow":["GET"]}}],"collection":[{"href":"https:\/\/tapandsmile.de\/index.php?rest_route=\/wp\/v2\/pages"}],"about":[{"href":"https:\/\/tapandsmile.de\/index.php?rest_route=\/wp\/v2\/types\/page"}],"author":[{"embeddable":true,"href":"https:\/\/tapandsmile.de\/index.php?rest_route=\/wp\/v2\/users\/1"}],"replies":[{"embeddable":true,"href":"https:\/\/tapandsmile.de\/index.php?rest_route=%2Fwp%2Fv2%2Fcomments&post=549"}],"version-history":[{"count":6,"href":"https:\/\/tapandsmile.de\/index.php?rest_route=\/wp\/v2\/pages\/549\/revisions"}],"predecessor-version":[{"id":1614,"href":"https:\/\/tapandsmile.de\/index.php?rest_route=\/wp\/v2\/pages\/549\/revisions\/1614"}],"wp:attachment":[{"href":"https:\/\/tapandsmile.de\/index.php?rest_route=%2Fwp%2Fv2%2Fmedia&parent=549"}],"curies":[{"name":"wp","href":"https:\/\/api.w.org\/{rel}","templated":true}]}}